nder when 4960078 is divided by 2988?
2986
Calculate the remainder when 8633 is divided by 2800.
233
What is the remainder when 48541287 is divided by 4412844?
3
What is the remainder when 15610 is divided by 14457?
1153
Calculate the remainder when 68085 is divided by 67906.
179
Calculate the remainder when 30584928 is divided by 3.
0
What is the remainder when 73571396 is divided by 122?
28
Calculate the remainder when 2794374 is divided by 7.
2
What is the remainder when 859862140 is divided by 43?
41
What is the remainder when 59749 is divided by 2952?
709
Calculate the remainder when 2225002 is divided by 314.
312
What is the remainder when 2919968 is divided by 2184?
2144
Calculate the remainder when 32083994 is divided by 256.
26
Calculate the remainder when 4960867 is divided by 3700.
2867
Calculate the remainder when 10350752 is divided by 355.
17
What is the remainder when 38003332 is divided by 1863?
1858
What is the remainder when 316237 is divided by 3130?
107
Calculate the remainder when 1799 is divided by 198.
17
Calculate the remainder when 454871 is divided by 454692.
179
What is the remainder when 3310083 is divided by 3001?
2981
What is the remainder when 14310281 is divided by 5217?
50
What is the remainder when 417891 is divided by 69646?
15
Calculate the remainder when 10623224 is divided by 226026.
2
Calculate the remainder when 34761 is divided by 195.
51
Calculate the remainder when 3276888 is divided by 819221.
4
What is the remainder when 179462 is divided by 2802?
134
What is the remainder when 3935550 is divided by 51?
33
What is the remainder when 1204114 is divided by 26?
2
What is the remainder when 92625 is divided by 18245?
1400
Calculate the remainder when 99575 is divided by 4076.
1751
Calculate the remainder when 2068369 is divided by 231.
226
Calculate the remainder when 620358 is divided by 123449.
3113
Calculate the remainder when 317980 is divided by 389.
167
Calculate the remainder when 164732650 is divided by 380.
370
Calculate the remainder when 28168 is divided by 1551.
250
What is the remainder when 71003 is divided by 68189?
2814
What is the remainder when 195599 is divided by 19547?
129
What is the remainder when 93389446 is divided by 11?
7
Calculate the remainder when 7913360 is divided by 9075.
9035
What is the remainder when 2225307 is divided by 157?
146
What is the remainder when 41769064 is divided by 19?
15
What is the remainder when 5795300 is divided by 1703?
1694
Calculate the remainder when 740408 is divided by 245904.
2696
Calculate the remainder when 1504869 is divided by 376167.
201
What is the remainder when 257399 is divided by 286?
285
Calculate the remainder when 18752 is divided by 2339.
40
What is the remainder when 242443 is divided by 990?
883
Calculate the remainder when 331496105 is divided by 19.
8
Calculate the remainder when 28447635 is divided by 4.
3
Calculate the remainder when 46700 is divided by 11441.
936
Calculate the remainder when 6827318 is divided by 94.
4
Calculate the remainder when 39880156 is divided by 2215563.
22
Calculate the remainder when 193005166 is divided by 159.
154
Calculate the remainder when 887550613 is divided by 22.
15
Calculate the remainder when 1796217 is divided by 1486.
1129
Calculate the remainder when 314164 is divided by 570.
94
What is the remainder when 46230 is divided by 382?
8
What is the remainder when 124320 is divided by 5903?
357
What is the remainder when 2900918 is divided by 2900478?
440
Calculate the remainder when 827153 is divided by 772.
341
What is the remainder when 31173532 is divided by 42?
40
What is the remainder when 314981 is divided by 31478?
201
Calculate the remainder when 433101 is divided by 431334.
1767
What is the remainder when 2755382 is divided by 101?
1
What is the remainder when 553449 is divided by 102?
99
What is the remainder when 11565640 is divided by 109?
86
What is the remainder when 310503 is divided by 1454?
801
Calculate the remainder when 414424 is divided by 2263.
295
What is the remainder when 1329202 is divided by 1328990?
212
Calculate the remainder when 2466611 is divided by 286.
147
What is the remainder when 1983567 is divided by 27937?
40
What is the remainder when 186562361 is divided by 1397?
1393
Calculate the remainder when 77356 is divided by 200.
156
Calculate the remainder when 15906842 is divided by 158.
34
What is the remainder when 136210 is divided by 1627?
1169
What is the remainder when 457265 is divided by 228607?
51
What is the remainder when 980895 is divided by 406?
405
What is the remainder when 3554155 is divided by 2832?
2827
What is the remainder when 4062168 is divided by 237?
225
What is the remainder when 60639 is divided by 270?
159
What is the remainder when 266395198 is divided by 120?
118
Calculate the remainder when 52893939 is divided by 628.
11
What is the remainder when 14447 is divided by 7090?
267
Calculate the remainder when 1556633 is divided by 724.
33
What is the remainder when 105726 is divided by 2753?
1112
What is the remainder when 455405 is divided by 50?
5
Calculate the remainder when 3576004 is divided by 715197.
19
What is the remainder when 178659 is divided by 509?
0
What is the remainder when 1311328 is divided by 9434?
2
Calculate the remainder when 967570 is divided by 1927.
216
Calculate the remainder when 14086869 is divided by 27.
24
What is the remainder when 628577 is divided by 106?
103
Calculate the remainder when 567428 is divided by 1104.
1076
Calculate the remainder when 320613 is divided by 106761.
330
What is the remainder when 2207995 is divided by 909?
34
Calculate the remainder when 34520 is divided by 461.
406
What is the remainder when 25516 is divided by 690?
676
Calculate the remainder when 64987 is divided by 412.
303
What is the remainder when 21943 is divided by 457?
7
What is the remainder when 538313 is divided by 452?
433
Calculate the remainder when 273909 is divided by 80.
69
What is the remainder when 141394 is divided by 561?
22
What is the remainder when 2698242 is divided by 898262?
3456
What is the remainder when 53700075 is divided by 1064?
1059
What is the remainder when 108882 is divided by 3068?
1502
What is the remainder when 1470259 is divided by 480?
19
Calculate the remainder when 150779 is divided by 75013.
753
What is the remainder when 4157067 is divided by 6609?
6
Calculate the remainder when 199859 is divided by 199826.
33
What is the remainder when 16951080 is divided by 4237767?
12
Calculate the remainder when 871189 is divided by 87111.
79
What is the remainder when 1537976 is divided by 794?
792
What is the remainder when 76955 is divided by 1568?
123
Calculate the remainder when 51602 is divided by 3571.
1608
What is the remainder when 215907858 is divided by 140?
138
Calculate the remainder when 44215673 is divided by 1802.
1801
Calculate the remainder when 5981500 is divided by 62.
50
What is the remainder when 747885417 is divided by 918?
915
Calculate the remainder when 204736 is divided by 50927.
1028
What is the remainder when 53611 is divided by 53340?
271
What is the remainder when 11336474 is divided by 36103?
132
Calculate the remainder when 1272022 is divided by 2623.
2490
What is the remainder when 39231717 is divided by 55?
52
Calculate the remainder when 559162 is divided by 497.
37
Calculate the remainder when 3953630 is divided by 1317861.
47
Calculate the remainder when 423979 is divided by 559.
257
What is the remainder when 9322635 is divided by 1331796?
63
Calculate the remainder when 10775508 is divided by 65306.
18
What is the remainder when 68786 is divided by 195?
146
What is the remainder when 621064 is divided by 618?
592
Calculate the remainder when 48239 is divided by 254.
233
What is the remainder when 196862 is divided by 38221?
5757
Calculate the remainder when 4696650 is divided by 227.
20
Calculate the remainder when 504374 is divided by 4134.
26
What is the remainder when 7842546 is divided by 1960619?
70
Calculate the remainder when 1013559 is divided by 185.
129
What is the remainder when 22827555 is divided by 9153?
9126
Calculate the remainder when 6550543 is divided by 14.
13
Calculate the remainder when 203818 is divided by 7025.
93
